e -2 = -2*t - 4*b, 5*b + s = 4*t - 15. What is the units digit of t?
3
Suppose 3*n + y = -n + 89, -4*y - 22 = -2*n. Let g = -6 + n. What is the tens digit of g?
1
Suppose -y + 3*w + 10 = 0, 3*w - w + 8 = y. Let u = y + -3. Suppose -j = -2 + u. What is the units digit of j?
1
Let i(h) = -3*h**3 + h**2 + 1. Let p(g) = -g**3 + 1 - 20*g + 20*g. Let r(x) = -i(x) + 2*p(x). What is the units digit of r(0)?
1
Let y = 207 - 148. What is the tens digit of y?
5
Let g = -11 - -2. What is the units digit of g/(-27) + 238/6?
0
Let b = -29 + 17. What is the tens digit of (18/b)/((-2)/24)?
1
Let k(b) = b**2 + 6*b - 6. Let u be k(-7). Let q(m) = 3 + 8*m - 3*m - 2. What is the units digit of q(u)?
6
Let g = -3 + 8. Let l be g + -1 + (-2)/2. Suppose -3*i = -4*p + 3, l*p - i = i + 3. What is the units digit of p?
3
Let i(d) = 2*d - 10. Let q be i(10). Let f be ((-4)/q)/((-2)/50). Suppose 0 = -k - 1, -2*t + f + 13 = 3*k. What is the units digit of t?
3
Let c = 16 - 76. What is the units digit of ((-2)/(-4))/((-5)/c)?
6
Suppose 0 = i - 2*t - 19 - 0, 48 = 3*i - 3*t. Suppose 2*a = -i + 49. What is the tens digit of a?
1
Let z be ((-6)/15)/((-1)/(-10)). Let w be (5 + -1)/((-8)/z). What is the units digit of 8/(w - 0/(-3))?
4
Let y(t) = t - 18 + 11 + 5. Let u be y(2). Suppose 0 = -2*w - u*w + 28. What is the units digit of w?
4
Suppose -6*g - 280 = -11*g. What is the tens digit of g?
5
Suppose 0*l - 4*l + 304 = 0. What is the units digit of l?
6
Suppose -38 = -2*r + 60. What is the units digit of r?
9
Let p(m) = 13*m - 21. What is the tens digit of p(12)?
3
Suppose -g + 196 - 6 = 3*f, -4*g = -2*f + 108. What is the tens digit of f?
6
Let q(l) = -l**2 + 6*l + 6. Let d be q(5). Suppose -4*g - d = -31. What is the units digit of g?
5
Let j(x) = x**2 - 2*x + 2. Let o be 1*-7*(-4)/(-4). Let d(h) = -h - 4. Let k be d(o). What is the units digit of j(k)?
5
Suppose -4*p = -0 - 16. Suppose 0 = -p*r + 3*r + 5. Let t(y) = y + 3. What is the units digit of t(r)?
8
Let f be -2 - (-2 - -2 - 0). Let r be 11 + 1 - (-4)/f. What is the units digit of (-84)/(-15) + (-6)/r?
5
Suppose 5*w - 65 = 30. What is the units digit of w?
9
Suppose -o + 20 = 3. Let h = 10 + 1. Let x = o - h. What is the units digit of x?
6
Suppose 181 = 5*z - 49. What is the units digit of z?
6
What is the hundreds digit of 4509/36 + 2/(-8)?
1
Let z(h) be the second derivative of h**4/12 - h**3/6 + 2*h**2 + h. What is the tens digit of z(6)?
3
Let h = 104 - 71. What is the tens digit of h?
3
Let f(n) = -n - 8. Let q be f(-9). Let w = q + 12. What is the units digit of w?
3
Suppose -5*d - 94 - 51 = -5*z, 0 = 5*z + 5*d - 155. What is the tens digit of z?
3
Suppose -6*w + 300 = -w. Suppose -19 + w = 4*m + f, m = 2*f + 8. What is the units digit of m?
0
Suppose -s + 5*s - 592 = 0. What is the hundreds digit of s?
1
Let b(x) = 7*x + 6. What is the tens digit of b(5)?
4
Let r(b) = -4*b - 6. Let t(p) = p**3 + 4 + 2*p - 2 + 5*p**2 + 4. Let z be t(-5). What is the tens digit of r(z)?
1
Let q = 15 - 11. Suppose -q*v - 2*w = -116, 5*v - 3*w - 148 = -4*w. What is the units digit of v?
0
What is the tens digit of (-26)/(-45)*156 - 2/15?
9
Let q = 102 + -29. What is the units digit of q?
3
Suppose 72*r = 66*r + 1290. What is the tens digit of r?
1
Suppose 3*f - 2*f - 260 = -4*s, -3*s + 264 = f. What is the units digit of f?
6
Let d(c) = -4*c + 9. Let a = 4 - 8. Let n(t) = 5*t - 9. Let s(v) = a*d(v) - 3*n(v). What is the units digit of s(10)?
1
Let d(k) = -k**2 + 7*k + 11. Let i be d(8). Suppose 2*q = -i*q + 45. What is the units digit of q?
9
Suppose -4*d + d + 212 = -5*l, 2*d = l + 132. What is the tens digit of d?
6
Let t(b) = b + 10. Let i be t(0). Let f(j) be the third derivative of j**6/120 - j**5/6 + j**4/24 - 5*j**3/6 + 13*j**2. What is the units digit of f(i)?
5
Suppose 0 = -5*c - 3*v + 35, -4*c + 3*v + 1 = -0*c. Let f = c - -5. Suppose f*z - 4*k - 58 = 4*z, 0 = 4*z + 4*k - 32. What is the units digit of z?
0
Let z = -6 + 11. Suppose -z*y = -15, -3*l + 75 = -0*l + y. What is the units digit of l?
4
Let w(h) = h + 5. Let d = 0 - -5. What is the tens digit of w(d)?
1
Suppose 5*d - 5*h = 0, 5*d + 0*d - 2*h - 9 = 0. Suppose -4*k + 2 = -d*q, 3*q - 4*k = -3*k + 13. What is the units digit of q?
6
Let w = -8 - -10. Suppose w*i = -2*i + 140. What is the tens digit of i?
3
Let k(p) = p**2 + 3*p + 5. What is the tens digit of k(-9)?
5
Let n = -2 + 7. Suppose o + 44 = n*o. Suppose -3*x + 16 = -o. What is the units digit of x?
9
Suppose u - 4 = 1. Suppose -9 - u = -b. What is the units digit of b?
4
Let c(d) = -2*d**3 - 5*d**2 + 21*d + 4. What is the units digit of c(-6)?
0
Suppose 4*d = -10 + 90. What is the units digit of d?
0
What is the units digit of ((-11)/(-11))/(1/8)?
8
Let p = -10 - -9. Let a be (p + 2)*(-4 + 4). Suppose 3*l = 2*c + 38, a*c = 2*l + 5*c. What is the units digit of l?
0
Suppose -11*g + 12*g = 0. Let s be -1 + (-1*1 - -1). Let h = g - s. What is the units digit of h?
1
Let r = -71 - -145. Let y = r + -43. What is the tens digit of y?
3
Let h = 2 + -1. Let t be (3/(-1))/(-3) - h. Suppose -2 = -b - t. What is the units digit of b?
2
Let b(y) = 8*y**2 + y - 1. What is the tens digit of b(6)?
9
Let y = -10 + -10. Let u be y/8 + (-1)/(-2). Let s = 6 - u. What is the units digit of s?
8
Suppose h = -2 - 2. Let z = 8 + h. Suppose -z*m = -3*m - 4. What is the units digit of m?
4
Let g(w) = -w**3 - 6*w**2 - w - 4. Let s be g(-6). Suppose -24 = s*k - 5*k. What is the units digit of k?
8
Suppose 0 = w - 3*u - 8, 11 = 2*w - 3*u + 2*u. Suppose -d = q - w, 2*d + 7 = -q + 4*d. What is the units digit of q?
1
Suppose -4*c - 460 = -1496. What is the hundreds digit of c?
2
Let y(i) = 2*i**2 - 2*i + 1. Let o be 0/(-2) + 21/7. What is the tens digit of y(o)?
1
Suppose 4*d - u - 3*u = 168, 0 = -4*d + 3*u + 172. What is the tens digit of d?
4
Let o(n) = n**2 - 3*n - 7. Let b be o(5). What is the units digit of b - -3*20/6?
3
Suppose 1668 = -30*t + 36*t. What is the hundreds digit of t?
2
Let y = 15 - -12. What is the units digit of y?
7
Suppose 0 = 3*y - 0*y + 4*p - 10, y + 2 = 4*p. Suppose -y*c = -30 - 16. What is the units digit of c?
3
Let m = 50 + -82. Let n = m + 48. Let q = 27 - n. What is the tens digit of q?
1
Let a(f) = f**2 + 10*f + 8. Suppose 0 = 2*q + 2*x + 19 - 3, x = -1. Let z be a(q). Let k = 4 - z. What is the units digit of k?
7
Let v(j) = j**3. Let p(c) be the third derivative of 7*c**6/60 - c**5/60 + c**4/24 - 3*c**2. Let x(z) = p(z) + 6*v(z). What is the tens digit of x(1)?
2
Let f = -10 - -15. Suppose 3*p + 0*v = 4*v + 49, -v - 76 = -f*p. What is the units digit of p?
5
What is the units digit of (-5 - -1)*(3 + -12)?
6
Let f(y) = 4*y**3 - 3*y**2 - 3*y - 1. What is the units digit of f(3)?
1
Let t = 8 + -7. What is the units digit of t?
1
Let b(g) = -g**2 - 2*g + 4. Let d be b(3). Let a = 22 + d. What is the tens digit of a?
1
Suppose 2*c + 5*b = -16, -7*c - 6 = -2*c + 4*b. Let z be c/(-6) + (-14)/3. What is the units digit of ((-2)/z)/(3/30)?
4
Let o = 47 - 24. What is the tens digit of o?
2
Suppose 0*q - q - 1 = s, -5*q + s = 35. Let k(p) = p**2 + 4*p - 5. Let d(f) = -2*f**2 - 8*f + 10. Let l(x) = 3*d(x) + 7*k(x). What is the units digit of l(q)?
7
Let i = -109 - -154. Let j = 6 - 3. Suppose -3*c = 2*c - j*y - i, 0 = 3*y. What is the units digit of c?
9
Let b(c) = 3*c - 2. Let x be b(-4). Let l = -2 - x. What is the tens digit of l?
1
Suppose -6 = -2*w + 4*w. Let p = 38 + w. What is the tens digit of p?
3
Let d(f) = -f + 7*f + 0*f**2 - f**2 - 7. Let p be d(5). What is the units digit of (0 + 1)/(-1 - p)?
1
Let d = -28 - -92. Suppose d = 4*n - 3*j, -1 = -n - 0*j - 3*j. What is the tens digit of n?
1
Let g(x) = x - 8. What is the units digit of g(11)?
3
Let w be 3/((-19)/(-6) - 3). Suppose -3*x = -3*t - 21, 2*x + 7 = 3*x - 2*t. Let p = w - x. What is the tens digit of p?
1
Suppose -16 = -4*j - 0*j. Let c = j + -2. Let o = c - -8. What is the units digit of o?
0
Suppose 5*g = 3*g. Suppose x - 1 = -g. Let q(n) = 15*n**2 + 2*n - 1. What is the tens digit of q(x)?
1
Let j be 11/(-2)*-2 - 1. Let f be 2/13 - 126/(-26). Let u = j - f. What is the units digit of u?
5
Suppose -8 = -3*u + 1. What is the units digit of u?
3
Let i(z) = z**3 - 5*z**2 + z. Let f = -12 - -17. What is the units digit of i(f)?
5
Let t = 331 